{"id":440,"date":"2026-03-05T18:54:44","date_gmt":"2026-03-05T18:54:44","guid":{"rendered":"https:\/\/publicacioneslibertad.com\/?page_id=440"},"modified":"2026-03-05T19:51:25","modified_gmt":"2026-03-05T19:51:25","slug":"publicaciones-2","status":"publish","type":"page","link":"https:\/\/publicacioneslibertad.com\/index.php\/publicaciones-2\/","title":{"rendered":"Publicaciones"},"content":{"rendered":"\n<div class=\"wp-block-group alignwide has-primary-background-color has-background has-global-padding is-layout-constrained wp-container-core-group-is-layout-5e89162f wp-block-group-is-layout-constrained\" style=\"padding-top:var(--wp--preset--spacing--superbspacing-small);padding-right:var(--wp--preset--spacing--superbspacing-medium);padding-bottom:var(--wp--preset--spacing--superbspacing-medium);padding-left:var(--wp--preset--spacing--superbspacing-medium);background-image:url(&apos;https:\/\/publicacioneslibertad.com\/wp-content\/uploads\/2026\/03\/cabecera.png&apos;);background-position:88% 69%;background-size:cover;\">\n<h1 class=\"wp-block-heading alignwide has-text-align-center has-contrast-light-color has-text-color has-superbfont-xxlarge-font-size\" style=\"padding-right:0;padding-bottom:var(--wp--preset--spacing--superbspacing-xxsmall);padding-left:0;font-style:normal;font-weight:700\">Publicaciones y actividades de nuestra editora<\/h1>\n<\/div>\n\n\n\n<div class=\"wp-block-group alignfull has-global-padding is-layout-constrained wp-container-core-group-is-layout-226e04bb wp-block-group-is-layout-constrained\" style=\"margin-top:0;margin-bottom:0;padding-top:var(--wp--preset--spacing--superbspacing-xxlarge);padding-right:var(--wp--preset--spacing--superbspacing-small);padding-bottom:var(--wp--preset--spacing--superbspacing-xxlarge);padding-left:var(--wp--preset--spacing--superbspacing-small)\">\n<div class=\"wp-block-query is-layout-flow wp-block-query-is-layout-flow\"><ul class=\"columns-3 wp-block-post-template is-layout-grid wp-container-core-post-template-is-layout-6d3fbd8f wp-block-post-template-is-layout-grid\"><li class=\"wp-block-post post-462 post type-post status-publish format-standard has-post-thumbnail hentry category-publicaciones\">\n\n<div class=\"wp-block-group is-layout-flow wp-block-group-is-layout-flow\" style=\"padding-top:30px;padding-right:30px;padding-bottom:30px;padding-left:30px\"><figure class=\"wp-block-post-featured-image\"><img loading=\"lazy\" decoding=\"async\" width=\"1715\" height=\"979\" src=\"https:\/\/publicacioneslibertad.com\/wp-content\/uploads\/2026\/03\/registrarte.jpg\" class=\"attachment-post-thumbnail size-post-thumbnail wp-post-image\" alt=\"\" style=\"object-fit:cover;\" srcset=\"https:\/\/publicacioneslibertad.com\/wp-content\/uploads\/2026\/03\/registrarte.jpg 1715w, https:\/\/publicacioneslibertad.com\/wp-content\/uploads\/2026\/03\/registrarte-300x171.jpg 300w, https:\/\/publicacioneslibertad.com\/wp-content\/uploads\/2026\/03\/registrarte-1024x585.jpg 1024w, https:\/\/publicacioneslibertad.com\/wp-content\/uploads\/2026\/03\/registrarte-768x438.jpg 768w, https:\/\/publicacioneslibertad.com\/wp-content\/uploads\/2026\/03\/registrarte-1536x877.jpg 1536w\" sizes=\"auto, (max-width: 1715px) 100vw, 1715px\" \/><\/figure>\n\n<h2 class=\"wp-block-post-title\"><a href=\"https:\/\/publicacioneslibertad.com\/index.php\/2026\/03\/27\/la-literatura-tiene-su-gran-encuentro\/\" target=\"_self\" >La literatura tiene su gran encuentro<\/a><\/h2>\n\n<div class=\"wp-block-post-excerpt\"><p class=\"wp-block-post-excerpt__excerpt\">Este septiembre 2026 llega la Gran Feria de Escritores, un espacio donde las ideas, las historias y sus autores se conectan contigo. \u270d\ufe0f Firma de libros\ud83d\udcda Talleres literarios\ud83c\udfa4 Encuentros con autores\ud83d\udd8b\ufe0f Editoriales invitadas Si amas escribir, leer o so\u00f1ar&#8230; este evento es para ti. \ud83c\udf9f\ufe0f Reg\u00edstrate y asegura tu acceso con beneficios exclusivos. \ud83d\udcf2 829-254-6005\ud83d\udce9<\/p><p class=\"wp-block-post-excerpt__more-text\"><a class=\"wp-block-post-excerpt__more-link\" href=\"https:\/\/publicacioneslibertad.com\/index.php\/2026\/03\/27\/la-literatura-tiene-su-gran-encuentro\/\">Leer m\u00e1s<\/a><\/p><\/div><\/div>\n\n<\/li><li class=\"wp-block-post post-411 post type-post status-publish format-standard hentry category-dioni-de-la-rosa\">\n\n<div class=\"wp-block-group is-layout-flow wp-block-group-is-layout-flow\" style=\"padding-top:30px;padding-right:30px;padding-bottom:30px;padding-left:30px\">\n\n<h2 class=\"wp-block-post-title\"><a href=\"https:\/\/publicacioneslibertad.com\/index.php\/2026\/03\/05\/dioni-de-la-rosa\/\" target=\"_self\" >Dioni de la Rosa<\/a><\/h2>\n\n<div class=\"wp-block-post-excerpt\"><p class=\"wp-block-post-excerpt__excerpt\">Profeta Dioni de la Rosa, nacido en la Rep\u00fablica Dominicana, Santo Domingo, en un sector llamado la Ci\u00e9nega, donde Dios lo llama a la corta edad de 13 a\u00f1os para llevar el evangelio de buenas nuevas. En el transcurso del tiempo se da cuenta que Dios quiere usarlo como profeta dej\u00e1ndole saber su llamado directamente<\/p><p class=\"wp-block-post-excerpt__more-text\"><a class=\"wp-block-post-excerpt__more-link\" href=\"https:\/\/publicacioneslibertad.com\/index.php\/2026\/03\/05\/dioni-de-la-rosa\/\">Leer m\u00e1s<\/a><\/p><\/div><\/div>\n\n<\/li><li class=\"wp-block-post post-407 post type-post status-publish format-standard hentry category-indira-del-carmen-florentino-jerez\">\n\n<div class=\"wp-block-group is-layout-flow wp-block-group-is-layout-flow\" style=\"padding-top:30px;padding-right:30px;padding-bottom:30px;padding-left:30px\">\n\n<h2 class=\"wp-block-post-title\"><a href=\"https:\/\/publicacioneslibertad.com\/index.php\/2026\/03\/05\/indira-del-carmen-florentino-jerez\/\" target=\"_self\" >Indira Del Carmen Florentino Jerez<\/a><\/h2>\n\n<div class=\"wp-block-post-excerpt\"><p class=\"wp-block-post-excerpt__excerpt\">Naci\u00f3 en la ciudad de San Francisco de Marcor\u00eds, Rep\u00fablica Dominicana. El 12 de diciembre del a\u00f1o 1995. Graduada de la licenciatura en Psicolog\u00eda Cl\u00ednica en la Universidad Aut\u00f3noma de Santo Domingo (UASD). Maestr\u00eda en Psicolog\u00eda Cl\u00ednica y de la salud, en la Universidad Aut\u00f3noma de Santo Domingo (UASD). Ha realizado diferentes cursos dentro de<\/p><p class=\"wp-block-post-excerpt__more-text\"><a class=\"wp-block-post-excerpt__more-link\" href=\"https:\/\/publicacioneslibertad.com\/index.php\/2026\/03\/05\/indira-del-carmen-florentino-jerez\/\">Leer m\u00e1s<\/a><\/p><\/div><\/div>\n\n<\/li><li class=\"wp-block-post post-403 post type-post status-publish format-standard hentry category-daysi-hernandez-rodriguez\">\n\n<div class=\"wp-block-group is-layout-flow wp-block-group-is-layout-flow\" style=\"padding-top:30px;padding-right:30px;padding-bottom:30px;padding-left:30px\">\n\n<h2 class=\"wp-block-post-title\"><a href=\"https:\/\/publicacioneslibertad.com\/index.php\/2026\/03\/05\/daysi-hernandez-rodriguez\/\" target=\"_self\" >Daysi Hern\u00e1ndez Rodr\u00edguez<\/a><\/h2>\n\n<div class=\"wp-block-post-excerpt\"><p class=\"wp-block-post-excerpt__excerpt\">Nacida en San Juan de la Maguana, Rep\u00fablica Dominicana. Es educadora y abogada. Estudi\u00f3 Filosof\u00eda y Letras. Ha publicado m\u00e1s de 30 tratados de diversos temas, ha escrito art\u00edculos en los peri\u00f3dicos Hoy y El Nacional. Da conferencias, es comunitaria y motiva a las personas para emprender de manera personal y colectiva. Ha publicado varios<\/p><p class=\"wp-block-post-excerpt__more-text\"><a class=\"wp-block-post-excerpt__more-link\" href=\"https:\/\/publicacioneslibertad.com\/index.php\/2026\/03\/05\/daysi-hernandez-rodriguez\/\">Leer m\u00e1s<\/a><\/p><\/div><\/div>\n\n<\/li><li class=\"wp-block-post post-399 post type-post status-publish format-standard hentry category-haron-calzado\">\n\n<div class=\"wp-block-group is-layout-flow wp-block-group-is-layout-flow\" style=\"padding-top:30px;padding-right:30px;padding-bottom:30px;padding-left:30px\">\n\n<h2 class=\"wp-block-post-title\"><a href=\"https:\/\/publicacioneslibertad.com\/index.php\/2026\/03\/05\/haron-calzado\/\" target=\"_self\" >Haron Calzado<\/a><\/h2>\n\n<div class=\"wp-block-post-excerpt\"><p class=\"wp-block-post-excerpt__excerpt\">Licenciado en la cultura hebrea, egresado de la universidad Redime, actualmente est\u00e1 cursando una maestr\u00eda en cultura hebrea en dicha universidad, y ha completado el curso de hebreo b\u00edblico A en el instituto b\u00edblico de Israel, el cual tambi\u00e9n est\u00e1 cursando los siguientes cursos en dicho instituto: Descubriendo la Biblia Hebrea (Tor\u00e1), El libro hebreo<\/p><p class=\"wp-block-post-excerpt__more-text\"><a class=\"wp-block-post-excerpt__more-link\" href=\"https:\/\/publicacioneslibertad.com\/index.php\/2026\/03\/05\/haron-calzado\/\">Leer m\u00e1s<\/a><\/p><\/div><\/div>\n\n<\/li><li class=\"wp-block-post post-395 post type-post status-publish format-standard hentry category-danny-ramirez-piantini\">\n\n<div class=\"wp-block-group is-layout-flow wp-block-group-is-layout-flow\" style=\"padding-top:30px;padding-right:30px;padding-bottom:30px;padding-left:30px\">\n\n<h2 class=\"wp-block-post-title\"><a href=\"https:\/\/publicacioneslibertad.com\/index.php\/2026\/03\/05\/danny-ramirez-piantini\/\" target=\"_self\" >Danny Ram\u00edrez Piantini<\/a><\/h2>\n\n<div class=\"wp-block-post-excerpt\"><p class=\"wp-block-post-excerpt__excerpt\">Pastor, Licenciado en Mercadeo, Comunicador, Productor y Presentador de Televisi\u00f3n. Es presidente y fundador de Premios El Galard\u00f3n Internacional, y de la Academia Cristiana de Comunicadores, Radiodifusores, Agencias y Artistas (ACCRA). En el a\u00f1o 2006, junto a otros comunicadores fund\u00f3 la Asociaci\u00f3n Dominicana de Comunicadores Cristianos (ADOCOC). Estudi\u00f3 Mercadeo en la Universidad -UAPA- Diplomado en<\/p><p class=\"wp-block-post-excerpt__more-text\"><a class=\"wp-block-post-excerpt__more-link\" href=\"https:\/\/publicacioneslibertad.com\/index.php\/2026\/03\/05\/danny-ramirez-piantini\/\">Leer m\u00e1s<\/a><\/p><\/div><\/div>\n\n<\/li><\/ul><\/div>\n<\/div>\n\n\n\n<p><\/p>\n","protected":false},"excerpt":{"rendered":"<p>Publicaciones y actividades de nuestra editora<\/p>\n","protected":false},"author":2,"featured_media":0,"parent":0,"menu_order":0,"comment_status":"closed","ping_status":"closed","template":"superbaddons-page-template","meta":{"footnotes":""},"class_list":["post-440","page","type-page","status-publish","hentry"],"rttpg_featured_image_url":null,"rttpg_author":{"display_name":false,"author_link":"https:\/\/publicacioneslibertad.com\/index.php\/author\/puntualmultimedia\/"},"rttpg_comment":0,"rttpg_category":null,"rttpg_excerpt":"Publicaciones y actividades de nuestra editora","_links":{"self":[{"href":"https:\/\/publicacioneslibertad.com\/index.php\/wp-json\/wp\/v2\/pages\/440","targetHints":{"allow":["GET"]}}],"collection":[{"href":"https:\/\/publicacioneslibertad.com\/index.php\/wp-json\/wp\/v2\/pages"}],"about":[{"href":"https:\/\/publicacioneslibertad.com\/index.php\/wp-json\/wp\/v2\/types\/page"}],"author":[{"embeddable":true,"href":"https:\/\/publicacioneslibertad.com\/index.php\/wp-json\/wp\/v2\/users\/2"}],"replies":[{"embeddable":true,"href":"https:\/\/publicacioneslibertad.com\/index.php\/wp-json\/wp\/v2\/comments?post=440"}],"version-history":[{"count":7,"href":"https:\/\/publicacioneslibertad.com\/index.php\/wp-json\/wp\/v2\/pages\/440\/revisions"}],"predecessor-version":[{"id":454,"href":"https:\/\/publicacioneslibertad.com\/index.php\/wp-json\/wp\/v2\/pages\/440\/revisions\/454"}],"wp:attachment":[{"href":"https:\/\/publicacioneslibertad.com\/index.php\/wp-json\/wp\/v2\/media?parent=440"}],"curies":[{"name":"wp","href":"https:\/\/api.w.org\/{rel}","templated":true}]}}